 = n**2 + n + 5. Let l be x(0). Suppose -2*j - 42 = -l*j. Suppose -z - 4 = -j. Calculate the highest common divisor of 20 and z.
10
Let s = -5 + 5. Suppose -w + 6*w - 85 = s. Let i = w + -5. What is the greatest common factor of 24 and i?
12
Suppose 135 = 4*c + c. Let w be 225/c*(-1 + 10). Let m = 99 - 69. Calculate the highest common divisor of w and m.
15
Let y(l) = -5*l**3 - l**2 - l. Let w be y(-1). Let s be 5/(2/(12 - -2)). What is the greatest common factor of w and s?
5
Let g(j) = j + 1. Let l be g(5). Suppose 2*y = l - 0. What is the highest common factor of 6 and y?
3
Suppose -14 = -10*t + 3*t. Calculate the highest common factor of 8 and t.
2
Let r(s) = s - 6. Let l be r(8). Suppose 0 = -3*k + 3*c + 2*c + 31, -l*k - 2*c = -42. What is the greatest common factor of k and 34?
17
Suppose -91 - 533 = -3*z. What is the highest common divisor of 26 and z?
26
Let t(p) = p + 7. Let j be -1 - -7 - 21/7. Let n be t(j). What is the greatest common factor of 10 and n?
10
Let n(i) = -2*i - 1. Let q be n(-1). Calculate the greatest common divisor of 9 and q.
1
Let l(m) = m**3 - m**2 + m - 4. Let c be l(0). Let a = c + 7. Suppose a*o + 122 = 7*o - 3*p, 5*p - 106 = -3*o. Calculate the greatest common divisor of 4 and o.
4
Let q(o) = -4*o**2 - 2*o + 4*o**2 + o**2. Let v be q(-4). What is the highest common factor of v and 12?
12
Let i = -367 - -609. Let n(f) = 8*f + 2. Let t be n(5). Suppose -u - 5*l + t = 0, -u - l = u - 48. What is the highest common factor of u and i?
22
Suppose -48 + 201 = 5*p - 4*m, 0 = 3*m - 9. Suppose 5*b - 69 = -4*o, -o - 5 + 26 = 2*b. What is the greatest common factor of p and o?
11
Suppose 5*d = 6*d - 4. Suppose -d*w - 58 = -4*l - 10, 3*l + 4*w - 50 = 0. What is the highest common factor of 14 and l?
14
Suppose 3*a + w = 30, -3*a - a + 40 = -4*w. Suppose -a*x + 42 = -4*x. Calculate the highest common divisor of x and 63.
7
Suppose 0 = -3*m - 9 - 9. Let y be (m/(-3) - 0) + 0. Calculate the greatest common divisor of y and 18.
2
Suppose 0 = 5*d - 3*y - 59 - 111, -4*d - 5*y + 136 = 0. Let c = 11 - 5. Let k be d/c - 9/(-27). What is the highest common factor of 6 and k?
6
Let j be (-102)/(0 - (-2)/3). Let r be (-30)/20*(0 + -162). Let o = j + r. Calculate the highest common factor of o and 36.
18
Let h = -8 + 35. Calculate the greatest common factor of 9 and h.
9
Let r be -2 - (-4 - (-25)/(-5)). What is the greatest common divisor of 21 and r?
7
Let n = -100 - -204. What is the greatest common divisor of 13 and n?
13
Suppose -2*k + k + 3 = 0. Suppose k*r - 1 = 5. Calculate the greatest common factor of r and 1.
1
Suppose 0 = -5*t + 3*d - 0*d + 259, -4*t = -4*d - 212. Calculate the highest common divisor of 5 and t.
5
Suppose 5*n + 0*n - 45 = 0. What is the highest common factor of 81 and n?
9
Let t = -14 - -25. Suppose 5 - t = -3*n. Let a be ((-3)/2)/(2/(-8)). Calculate the greatest common divisor of a and n.
2
Let q be 9/(4/(2 - -22)). Let m(v) = -v**2 + 4*v + 1. Let r be m(3). Suppose -5*n = -4 - 1, -q = -5*i - r*n. Calculate the highest common factor of i and 15.
5
Suppose 33 + 21 = c. What is the highest common divisor of 6 and c?
6
Let g be ((-10)/(-4))/(20/16). Suppose 0 = -g*t - 13 + 69. What is the greatest common divisor of 28 and t?
28
Let i be (-1 - -2 - -1) + 8. Suppose -66 = -4*p - 26. What is the greatest common divisor of i and p?
10
Suppose -5*p + 2*b + 135 + 77 = 0, -3*p = -2*b - 124. Let n be (-24)/(-18) + (-40)/(-15). Calculate the highest common factor of p and n.
4
Let y = 158 + -285. Let l = y - -336. What is the highest common factor of l and 19?
19
Suppose -2*y = -4*d + 136, 2*y + 0 = -d + 44. Calculate the highest common divisor of 54 and d.
18
Let v(s) = -s**2 - 12*s + 5. Let n be v(-12). Calculate the greatest common divisor of n and 40.
5
Let z be (3 + -4)/((-1)/18). Suppose -4*m + 44 = 4*c, 2*m + 7 - 29 = c. Let t = m + -9. Calculate the highest common factor of t and z.
2
Let o = -10 - -49. Let f = o + -26. Calculate the greatest common factor of f and 52.
13
Suppose 4*p + 20 = f, -2*p = 2*p - 8. Suppose 5*i - 2*l - 340 = 0, -2*i = -0*i - 3*l - 125. Calculate the highest common factor of f and i.
14
Suppose -2*d = -58 + 442. Suppose 0*p - u = -p - 110, 4*p - u = -455. Let c = p - d. What is the highest common factor of 11 and c?
11
Suppose 3*n - 22 = 38. What is the highest common factor of 10 and n?
10
Suppose -2*m - 3*c = 9 - 52, -3*c - 95 = -4*m. What is the greatest common divisor of 161 and m?
23
Suppose 3*h = -j - 1 - 20, -5*h = -5. Let p = j - -141. What is the greatest common factor of 13 and p?
13
Suppose 0 = 5*s + 3*f - 11, -3*s - 5*f - 1 - 2 = 0. Let t(c) = c**2 - 6*c + 1. Let u be t(6). What is the greatest common factor of u and s?
1
Let o(k) = k**2 + k + 3. Let h = -4 - 1. Let v be o(h). Calculate the greatest common factor of v and 23.
23
Let x(k) = 4*k**2 - 2*k + 1. Let o be x(1). Suppose -o*b - 174 = -3*f, 0*b = 3*f + b - 182. Calculate the greatest common divisor of 12 and f.
12
Let s(r) = r**2 + 17*r + 27. Let f be s(-18). Calculate the greatest common divisor of 18 and f.
9
Suppose 4*h = 148 + 44. Calculate the greatest common divisor of 6 and h.
6
Suppose -3*y + 4*y - 56 = 0. Suppose c = 0, -48 = 4*o - c - 4*c. Let r = o - -20. What is the highest common divisor of y and r?
8
Let i(u) = 2*u + 2. Let f be i(11). What is the highest common factor of f and 12?
12
Suppose 99 + 301 = 5*z. Suppose 3*j + 0 = 21. Suppose 50 = -2*y + j*y. What is the greatest common divisor of y and z?
10
Suppose -3*d - 5 = 4*z, -3*d - z = z - 5. Suppose d*x - 24 = x. Calculate the greatest common factor of x and 54.
6
Let p(u) = 31*u**2 - 1. Let d be p(-1). What is the greatest common divisor of d and 75?
15
Suppose -2*s = -2*m + 56, 0*m + 2*s = -m + 16. What is the greatest common factor of m and 36?
12
Let r be (125/10)/(2/4). What is the highest common factor of 5 and r?
5
Let g be 1/2*(-1 - -365). Calculate the highest common divisor of 14 and g.
14
Let h(j) = j**2 - 9*j - 6. Let s be h(10). Suppose 5*k - 3*z - 93 = -28, s*z = 3*k - 28. What is the highest common divisor of 40 and k?
8
Suppose 3*b = -p + 96, 3*p - 273 + 40 = 2*b. What is the greatest common factor of p and 9?
9
Suppose -4*z - 5*s + 92 = 0, z - 6*z + 86 = -s. Calculate the greatest common factor of z and 6.
6
Suppose 0*v - 3*v + 157 = 5*k, 3*k - 235 = -5*v. Calculate the highest common factor of 22 and v.
22
Let h be 206/10 - (-12)/(-20). What is the highest common divisor of 5 and h?
5
Let v = 21 + 37. Suppose 2*n - 174 = 2*a, -n - 3*n - 5*a + 348 = 0. What is the highest common factor of v and n?
29
Let a(v) be the second derivative of -v**3/3 + 2*v. Let b be a(-1). Let i be b/(-8) - (-34)/8. What is the highest common factor of i and 8?
4
Suppose 0*a - a - 5 = v, v - a = -1. Let f be v/6*(-27 + 1). Let j = 42 + f. Calculate the highest common factor of 5 and j.
5
Suppose 2*n = 58 - 2. Calculate the greatest common divisor of n and 14.
14
Suppose 0 = o + 3*q - 627 + 119, q = -2*o + 1001. Suppose -249 = -2*z - 0*z + 3*k, 4*z - 5*k = o. Calculate the greatest common factor of 14 and z.
14
Suppose -3*x = -4*d - 112, -4*x - 5*d = -1 - 138. What is the highest common divisor of x and 18?
18
Let v(h) = -h**3 + 12*h**2 + 12. Let f be v(12). Calculate the greatest common factor of f and 84.
12
Suppose -4*f = -2*h - 42 - 4, -76 = -4*f - 4*h. Let r be -1*3 + 6 + -1. Calculate the greatest common factor of r and f.
2
Suppose -3*k + m = -136, -2*k = -0*k + 5*m - 102. What is the highest common factor of 23 and k?
23
Let n(i) = 4*i**3 - 2*i**2 + 4*i - 4. Let j be n(3). Suppose 5*b - 40 = b - 4*r, -b + r + 18 = 0. What is the greatest common divisor of j and b?
14
Suppose 0*w = 4*w - 4. Suppose 4*y - 36 = -m, -6*m + 16 = y - 4*m. What is the highest common divisor of w and y?
1
Let n(o) = o**2 - 10*o + 11. Let y be n(10). What is the highest common divisor of y and 22?
11
Let q(r) = r**3 - 4*r**2 - 3*r - 1. Let o be q(5). Let w be (-2)/(-3)*3*18. Suppose -s - s = -w. What is the greatest common divisor of o and s?
9
Let x(y) = -y**3 + 2*y**2 + y + 56. Let k be x(0). Calculate the greatest common divisor of k and 7.
7
Let m = 84 + -82. Let y be 0/((1 - 2)/(-1)). Let l be y - 0 - 4/(-2). Calculate the highest common factor of l and m.
2
Sup